{"id":260,"date":"2021-04-20T07:33:52","date_gmt":"2021-04-20T05:33:52","guid":{"rendered":"https:\/\/www.obec-rataje.cz\/wp\/?page_id=260"},"modified":"2021-04-20T07:33:56","modified_gmt":"2021-04-20T05:33:56","slug":"navrh-zaverecneho-uctu-svazku-obci-ekoso-za-rok-2020","status":"publish","type":"page","link":"https:\/\/www.obec-rataje.cz\/wp\/navrh-zaverecneho-uctu-svazku-obci-ekoso-za-rok-2020\/","title":{"rendered":"N\u00e1vrh z\u00e1v\u011bre\u010dn\u00e9ho \u00fa\u010dtu svazku obc\u00ed EKOSO za rok 2020"},"content":{"rendered":"\n<figure class=\"wp-block-table aligncenter is-style-stripes\"><table class=\"has-subtle-pale-blue-background-color has-background\"><tbody><tr><td class=\"has-text-align-center\" data-align=\"center\"><span style=\"text-decoration: underline;\"><a href=\"https:\/\/www.obec-rataje.cz\/wp\/wp-content\/uploads\/2021\/04\/1.pdf\">N\u00e1vrh Z\u00da 2020<\/a><\/span><\/td><\/tr><tr><td class=\"has-text-align-center\" data-align=\"center\"><span style=\"text-decoration: underline;\"><a href=\"https:\/\/www.obec-rataje.cz\/wp\/wp-content\/uploads\/2021\/04\/2.pdf\">ZPR\u00c1VA o v\u00fdsledku p\u0159ezkoum\u00e1n\u00ed<\/a><\/span><\/td><\/tr><tr><td class=\"has-text-align-center\" data-align=\"center\"><span style=\"text-decoration: underline;\"><a href=\"https:\/\/www.obec-rataje.cz\/wp\/wp-content\/uploads\/2021\/04\/3.pdf\">FIN<\/a><\/span><\/td><\/tr><tr><td class=\"has-text-align-center\" data-align=\"center\"><span style=\"text-decoration: underline;\"><a href=\"https:\/\/www.obec-rataje.cz\/wp\/wp-content\/uploads\/2021\/04\/4.pdf\">ROZ<\/a><\/span><\/td><\/tr><tr><td class=\"has-text-align-center\" data-align=\"center\"><span style=\"text-decoration: underline;\"><a href=\"https:\/\/www.obec-rataje.cz\/wp\/wp-content\/uploads\/2021\/04\/5.pdf\">VZZ<\/a><\/span><\/td><\/tr><tr><td class=\"has-text-align-center\" data-align=\"center\"><span style=\"text-decoration: underline;\"><a href=\"https:\/\/www.obec-rataje.cz\/wp\/wp-content\/uploads\/2021\/04\/6.pdf\">PRI<\/a><\/span><\/td><\/tr><tr><td class=\"has-text-align-center\" data-align=\"center\"><span style=\"text-decoration: underline;\"><a href=\"https:\/\/www.obec-rataje.cz\/wp\/wp-content\/uploads\/2021\/04\/7.pdf\">GAR<\/a><\/span><\/td><\/tr><tr><td class=\"has-text-align-center\" data-align=\"center\"><span style=\"text-decoration: underline;\"><a href=\"https:\/\/www.obec-rataje.cz\/wp\/wp-content\/uploads\/2021\/04\/8.pdf\">PAR<\/a><\/span><\/td><\/tr><tr><td class=\"has-text-align-center\" data-align=\"center\"><span style=\"text-decoration: underline;\"><a href=\"https:\/\/www.obec-rataje.cz\/wp\/wp-content\/uploads\/2021\/04\/9.pdf\">SEZK<\/a><\/span><\/td><\/tr><tr><td class=\"has-text-align-center\" data-align=\"center\"><span style=\"text-decoration: underline;\"><a href=\"https:\/\/www.obec-rataje.cz\/wp\/wp-content\/uploads\/2021\/04\/10.pdf\">SUZ<\/a><\/span><\/td><\/tr><\/tbody><\/table><\/figure>\n","protected":false},"excerpt":{"rendered":"<p>N\u00e1vrh Z\u00da 2020 ZPR\u00c1VA o v\u00fdsledku p\u0159ezkoum\u00e1n\u00ed FIN ROZ VZZ PRI GAR PAR SEZK SUZ<\/p>\n","protected":false},"author":1,"featured_media":0,"parent":0,"menu_order":0,"comment_status":"closed","ping_status":"closed","template":"","meta":{"footnotes":""},"class_list":["post-260","page","type-page","status-publish","hentry"],"_links":{"self":[{"href":"https:\/\/www.obec-rataje.cz\/wp\/wp-json\/wp\/v2\/pages\/260","targetHints":{"allow":["GET"]}}],"collection":[{"href":"https:\/\/www.obec-rataje.cz\/wp\/wp-json\/wp\/v2\/pages"}],"about":[{"href":"https:\/\/www.obec-rataje.cz\/wp\/wp-json\/wp\/v2\/types\/page"}],"author":[{"embeddable":true,"href":"https:\/\/www.obec-rataje.cz\/wp\/wp-json\/wp\/v2\/users\/1"}],"replies":[{"embeddable":true,"href":"https:\/\/www.obec-rataje.cz\/wp\/wp-json\/wp\/v2\/comments?post=260"}],"version-history":[{"count":2,"href":"https:\/\/www.obec-rataje.cz\/wp\/wp-json\/wp\/v2\/pages\/260\/revisions"}],"predecessor-version":[{"id":387,"href":"https:\/\/www.obec-rataje.cz\/wp\/wp-json\/wp\/v2\/pages\/260\/revisions\/387"}],"wp:attachment":[{"href":"https:\/\/www.obec-rataje.cz\/wp\/wp-json\/wp\/v2\/media?parent=260"}],"curies":[{"name":"wp","href":"https:\/\/api.w.org\/{rel}","templated":true}]}}

Návrh závěrečného účtu svazku obcí EKOSO za rok 2020

<figure class="wp-block-table aligncenter is-style-stripes"><table class="has-subtle-pale-blue-background-color has-background"><tbody><tr><td class="has-text-align-center" data-align="center"><span style="text-decoration: underline;"><a href="https://www.obec-rataje.cz/wp/wp-content/uploads/2021/04/1.pdf">Návrh ZÚ 2020</a></span></td></tr><tr><td class="has-text-align-center" data-align="center"><span style="text-decoration: underline;"><a href="https://www.obec-rataje.cz/wp/wp-content/uploads/2021/04/2.pdf">ZPRÁVA o výsledku přezkoumání</a></span></td></tr><tr><td class="has-text-align-center" data-align="center"><span style="text-decoration: underline;"><a href="https://www.obec-rataje.cz/wp/wp-content/uploads/2021/04/3.pdf">FIN</a></span></td></tr><tr><td class="has-text-align-center" data-align="center"><span style="text-decoration: underline;"><a href="https://www.obec-rataje.cz/wp/wp-content/uploads/2021/04/4.pdf">ROZ</a></span></td></tr><tr><td class="has-text-align-center" data-align="center"><span style="text-decoration: underline;"><a href="https://www.obec-rataje.cz/wp/wp-content/uploads/2021/04/5.pdf">VZZ</a></span></td></tr><tr><td class="has-text-align-center" data-align="center"><span style="text-decoration: underline;"><a href="https://www.obec-rataje.cz/wp/wp-content/uploads/2021/04/6.pdf">PRI</a></span></td></tr><tr><td class="has-text-align-center" data-align="center"><span style="text-decoration: underline;"><a href="https://www.obec-rataje.cz/wp/wp-content/uploads/2021/04/7.pdf">GAR</a></span></td></tr><tr><td class="has-text-align-center" data-align="center"><span style="text-decoration: underline;"><a href="https://www.obec-rataje.cz/wp/wp-content/uploads/2021/04/8.pdf">PAR</a></span></td></tr><tr><td class="has-text-align-center" data-align="center"><span style="text-decoration: underline;"><a href="https://www.obec-rataje.cz/wp/wp-content/uploads/2021/04/9.pdf">SEZK</a></span></td></tr><tr><td class="has-text-align-center" data-align="center"><span style="text-decoration: underline;"><a href="https://www.obec-rataje.cz/wp/wp-content/uploads/2021/04/10.pdf">SUZ</a></span></td></tr></tbody></table></figure>

<p>Návrh ZÚ 2020 ZPRÁVA o výsledku přezkoumání FIN ROZ VZZ PRI GAR PAR SEZK SUZ</p>
