{"id":438,"date":"2022-05-25T07:21:29","date_gmt":"2022-05-25T05:21:29","guid":{"rendered":"https:\/\/www.obec-rataje.cz\/wp\/?page_id=438"},"modified":"2022-05-25T07:21:39","modified_gmt":"2022-05-25T05:21:39","slug":"schvaleny-rozpocet-obce-rataje-na-rok-2022","status":"publish","type":"page","link":"https:\/\/www.obec-rataje.cz\/wp\/schvaleny-rozpocet-obce-rataje-na-rok-2022\/","title":{"rendered":"Schv\u00e1len\u00fd rozpo\u010det Obce Rataje na rok 2022"},"content":{"rendered":"\n<figure class=\"wp-block-table aligncenter is-style-stripes\"><table><tbody><tr><td class=\"has-text-align-center\" data-align=\"center\"><span style=\"text-decoration: underline;\"><a href=\"https:\/\/www.obec-rataje.cz\/wp\/wp-content\/uploads\/2022\/05\/prijmy.pdf\">P\u0159\u00edjmy<\/a><\/span><\/td><\/tr><tr><td class=\"has-text-align-center\" data-align=\"center\"><span style=\"text-decoration: underline;\"><a href=\"https:\/\/www.obec-rataje.cz\/wp\/wp-content\/uploads\/2022\/05\/vydaje.pdf\">V\u00fddaje<\/a><\/span><\/td><\/tr><\/tbody><\/table><\/figure>\n","protected":false},"excerpt":{"rendered":"<p>P\u0159\u00edjmy V\u00fddaje<\/p>\n","protected":false},"author":1,"featured_media":0,"parent":0,"menu_order":0,"comment_status":"closed","ping_status":"closed","template":"","meta":{"footnotes":""},"class_list":["post-438","page","type-page","status-publish","hentry"],"_links":{"self":[{"href":"https:\/\/www.obec-rataje.cz\/wp\/wp-json\/wp\/v2\/pages\/438","targetHints":{"allow":["GET"]}}],"collection":[{"href":"https:\/\/www.obec-rataje.cz\/wp\/wp-json\/wp\/v2\/pages"}],"about":[{"href":"https:\/\/www.obec-rataje.cz\/wp\/wp-json\/wp\/v2\/types\/page"}],"author":[{"embeddable":true,"href":"https:\/\/www.obec-rataje.cz\/wp\/wp-json\/wp\/v2\/users\/1"}],"replies":[{"embeddable":true,"href":"https:\/\/www.obec-rataje.cz\/wp\/wp-json\/wp\/v2\/comments?post=438"}],"version-history":[{"count":1,"href":"https:\/\/www.obec-rataje.cz\/wp\/wp-json\/wp\/v2\/pages\/438\/revisions"}],"predecessor-version":[{"id":440,"href":"https:\/\/www.obec-rataje.cz\/wp\/wp-json\/wp\/v2\/pages\/438\/revisions\/440"}],"wp:attachment":[{"href":"https:\/\/www.obec-rataje.cz\/wp\/wp-json\/wp\/v2\/media?parent=438"}],"curies":[{"name":"wp","href":"https:\/\/api.w.org\/{rel}","templated":true}]}}

Schválený rozpočet Obce Rataje na rok 2022

<figure class="wp-block-table aligncenter is-style-stripes"><table><tbody><tr><td class="has-text-align-center" data-align="center"><span style="text-decoration: underline;"><a href="https://www.obec-rataje.cz/wp/wp-content/uploads/2022/05/prijmy.pdf">Příjmy</a></span></td></tr><tr><td class="has-text-align-center" data-align="center"><span style="text-decoration: underline;"><a href="https://www.obec-rataje.cz/wp/wp-content/uploads/2022/05/vydaje.pdf">Výdaje</a></span></td></tr></tbody></table></figure>

<p>Příjmy Výdaje</p>
